2 - n - 3. Is h(1) prime?
False
Suppose -2*y + 0*k + k - 21 = 0, -5*k = -y - 15. Is 745/y*-2*1 a composite number?
False
Let c = 90 - -461. Is c a composite number?
True
Let l(s) = 6*s**2 + 2*s - 2. Let h be l(-5). Is -2 + 3/6*h prime?
True
Let q be (2/(-3))/((-2)/72). Let w = 225 - q. Is w prime?
False
Suppose -2*p - 8 = -4*p. Suppose 0*n = -3*n + 3*j + 162, -p*j = -3*n + 162. Let s = -7 + n. Is s prime?
True
Suppose 150 = -3*v - 267. Let l be (2 + 4)*v/(-2). Suppose f - 4*f + l = 0. Is f a prime number?
True
Let d = 194 - -225. Is d a prime number?
True
Let a(q) = -q**3 - 3*q**2 + 2*q - 1. Let b = -7 + 10. Suppose 3*x = 5*p - 2*x + 45, -5*x = -b*p - 35. Is a(p) a prime number?
False
Suppose -g - g = 4*f - 17230, -17233 = -2*g - 5*f. Is g prime?
True
Let u be 1 - 1/(1 + -2). Let s be u/(-2) - 2*-2. Suppose -44 - s = -a. Is a composite?
False
Suppose u - 29 = 38. Is u prime?
True
Is (1 + 1 - -4) + 1375 a prime number?
True
Suppose -t = -35 - 360. Suppose -6*l + l + t = 0. Is l a prime number?
True
Let s = 61 + -30. Is s a prime number?
True
Let x = 2223 - 664. Is x a prime number?
True
Suppose 2*d + 4 = 3*d. Let c(u) = -6 - u**3 - 3*u + 4*u - d*u - 6*u**2 - 3*u. Is c(-7) prime?
False
Let a(i) = 11*i - 1. Is a(10) a prime number?
True
Let n(w) = 42*w**3 + 3*w**2 - w - 1. Let c be n(2). Suppose -r = b + 2*b - 3, 4*r - 12 = 3*b. Suppose b = 2*x + 3*x - c. Is x composite?
True
Suppose 1 = 5*s - 4*s. Let n(x) = 3*x. Let j be n(s). Suppose -14 = j*p - 263. Is p a composite number?
False
Let w = 13 - 18. Is (-13 + 2)*1*w a composite number?
True
Let g(j) = -3*j + 3*j**2 + 0*j**2 + j**2 - 5*j**2. Let d be g(-3). Is d - -2 - (-50 + 3) composite?
True
Suppose -3*r - 5 + 17 = 0. Suppose -5*q - l = -353, -2*q + 4*q + r*l - 152 = 0. Suppose -5*m + q = 5. Is m a prime number?
True
Is ((-42402)/(-12))/(3 + (-15)/6) composite?
True
Suppose -16 = -2*q + 2*z, 0*z + 2 = -q - z. Let v be 2/4 - q/(-2). Suppose -v*o + 291 = o. Is o a composite number?
False
Let h(r) = 2*r**2 + 9*r - 3. Let o(b) = 2*b**2 + 9*b. Let w(f) = 1. Let i(j) = -o(j) + 4*w(j). Let n(a) = 5*h(a) + 4*i(a). Is n(-6) composite?
False
Suppose -5*h + 2*c + 10 = -247, 126 = 2*h + 5*c. Is h a composite number?
False
Let k be 46/(-6) - 6/18. Let z be (196/k)/(2/(-4)). Suppose u - z = -12. Is u a composite number?
False
Let h be (0 - -5)/(-1) + 1. Is h/14 + 741/21 prime?
False
Let p be (-4)/(1 - (-1270)/(-1268)). Suppose p = -5*v - 4*i, 4*v = -5*i + 4*i - 2020. Let f = 715 + v. Is f a composite number?
False
Let s be (3 + -822)*6/(-9). Let x = s - 341. Is x prime?
False
Suppose -2*l - 8 = 0, -3*v = -2*v - 5*l - 23. Suppose -4*h - 74 = 2*j, 2*h + 2*j + 38 = -0*j. Is (v + -2)/((-2)/h) a composite number?
True
Suppose -4*y = -6 - 2. Suppose 4*f + y*v = -6, 3*f - v = -2*f - 25. Is (158/(-8))/(1/f) prime?
True
Let t(s) = 8*s**2 + 4*s + 9. Let u(o) = 7*o**2 + 4*o + 8. Let q(r) = -3*t(r) + 4*u(r). Let h = 2 + 2. Is q(h) composite?
True
Let y = -93 + 143. Let l = y + 5. Is l a prime number?
False
Let u be (-4 - 22/(-8))*-4. Suppose -4*p - 557 = -u*p. Is p a prime number?
True
Suppose -6*u + 7389 = 123. Is u composite?
True
Is (-10)/(-6) + -1 - (-10893)/9 prime?
False
Let o = 56 - 32. Let q = o + -1. Is q a prime number?
True
Let b be 3/(-2)*4/(-2). Let z = b + 2. Is (6/z)/(4/110) a prime number?
False
Let l(b) = b**2 + 14*b - 3. Suppose 3*y = -y - 28. Let r be l(y). Let i = -30 - r. Is i prime?
False
Let u = 2642 + -1413. Is u composite?
False
Suppose 2*i - 1467 = 767. Is i composite?
False
Suppose -4*z + 4 = -4*l, -4*l + 2*z - 6*z - 4 = 0. Is -18*(-2)/3 + l a composite number?
False
Let f(k) = 5*k**2 - 1. Let i be f(-1). Suppose 157 = -3*s + i*s. Is s a prime number?
True
Suppose v + 4*v = 445. Is v a composite number?
False
Let c = -8 + 11. Suppose 0 = -5*j - n + 4*n + 190, c*n = 2*j - 85. Is j composite?
True
Let c be 106/8 + (-4)/16. Suppose 5*k + c = 83. Is k a prime number?
False
Is 3*-7*145/(-15) a prime number?
False
Suppose -5*q = -5*p + 1855, 3*p + 6*q - q - 1113 = 0. Is p composite?
True
Suppose 2*z - 4 = z. Suppose -z*m + 3*d - 29 = 0, 17 = -3*m + d - 6. Let b = m + 27. Is b a prime number?
True
Let u(m) = -2*m**2 - 2*m + 1. Let g be u(-5). Is (-27579)/g - (-4)/(-26) a prime number?
False
Let i = 10 + -16. Is 98 + 6*3/i composite?
True
Suppose 3*n = -2*n + 20760. Suppose n = 5*y - 368. Let m = -611 + y. Is m prime?
True
Let u = 3 - 4. Let v(b) = -13*b**3 - b - 1. Is v(u) a prime number?
True
Let z(x) = -x + 307. Suppose 3*r = r. Is z(r) composite?
False
Let c = 1298 - 917. Is c a prime number?
False
Is ((-4388)/(-6))/((-8)/(-12)) prime?
True
Is 105834/38 - 22/209 composite?
True
Let j be (-39)/(-65) + (-174)/(-10). Suppose -j*o = -14*o - 172. Is o a prime number?
True
Let q = 972 + -635. Is q a composite number?
False
Let d = 6 - 3. Suppose -6*m = -2*m + 1608. Is (d + -1)*m/(-12) prime?
True
Suppose -5*g = -2*a + 555, 0 = 5*a + g - 5*g - 1345. Is a composite?
True
Let x = -158 - -371. Is x a prime number?
False
Let n = 75 + 466. Is n composite?
False
Let n = 218 - 35. Is n composite?
True
Let c be ((-15)/6)/(-5)*4. Suppose d = -c*d. Suppose -m - 3*n + 36 = d, 0 = -2*m + 3*n + 6 + 21. Is m prime?
False
Let n(k) = -k + 1. Let g be n(-1). Suppose g*d + 5*r - 96 = 0, 102 = 2*d + r + r. Is d composite?
False
Let s(v) = 6*v**2 + 21*v - 20. Is s(11) composite?
False
Let j(n) = -n**3 + 7*n**2 + 10*n + 13. Is j(-5) composite?
False
Let r(j) = 9*j**2 - j. Let p be r(-1). Suppose -p*c = -5*c - 2555. Is c prime?
False
Let y = -470 - -892. Is y a composite number?
True
Let k(x) be the second derivative of 3*x**5/5 + x**4/4 + 2*x**2 + 5*x. Is k(3) a composite number?
True
Suppose -7*q = -736 - 153. Is q a prime number?
True
Let d = 79 + -156. Let s = -48 + -82. Let q = d - s. Is q prime?
True
Let r(s) = s**3 + 2*s**2 - 3*s + 2. Suppose 0 = -0*x + x + 3. Let o be r(x). Suppose -o*b = b - 75. Is b a composite number?
True
Suppose 5*i = -15, -5*i = 2*q - 7*q + 1300. Is q a prime number?
True
Let f = 3 - 3. Suppose l - 4 - 2 = f. Suppose 2*r - 2 = l. Is r prime?
False
Let b(r) = 201*r**2 + 4*r + 4. Let n be b(-2). Suppose 0 = 4*x - 4*q - n, -q - 408 = -5*x + 596. Is x a composite number?
True
Is (-2)/11 - (-61749)/33 a prime number?
True
Let w(z) = -58*z - 3. Is w(-2) prime?
True
Suppose -2*q = -4*b + q + 26, 0 = 5*b + 2*q - 21. Suppose -n = -5*d + 17, -4*n + 0*n + 7 = b*d. Is 0 - (9*n + -1) a composite number?
False
Let i be 11427/91 - (-8)/(-14). Suppose -5*b + 171 + 171 = 3*j, -j + i = -2*b. Is j a prime number?
False
Let w(b) = 39*b**2 + 4*b + 9. Let k(c) = -20*c**2 - 2*c - 4. Let s(r) = -7*k(r) - 3*w(r). Suppose 8 = -0*h + 4*h. Is s(h) composite?
False
Suppose 4*i + 14 + 6 = 0, 503 = -2*z + 5*i. Let m = z - -391. Is m composite?
False
Is (-111)/(4 - 15/3) composite?
True
Let k(l) be the third derivative of l**5/60 - l**4/6 + l**3/6 + 2*l**2. Let j be k(5). Suppose -10 = -4*g + j. Is g composite?
True
Let w(y) be the third derivative of y**4/24 - y**3/6 - 2*y**2. Let m be w(5). Suppose 0 = 3*f - m*f + 67. Is f a composite number?
False
Let c(a) = 24*a**2 + a - 32. Is c(-9) prime?
False
Let i = 204 + -61. Is i prime?
False
Let x(z) = -2*z**2 + 10*z - 12. Let u be x(8). Let j = u + 92. Let n = -18 + j. Is n a composite number?
True
Let f(u) = -u + 1. Let v(p) = -17*p + 4. Let c(l) = 5*f(l) - v(l). Is c(2) prime?
False
Suppose i - 2 = -0*i. Suppose -4*t = -50 - i. Is t a composite number?
False
Let p = -212 + 456. Suppose p = -4*d + 24. Let u = d + 78. Is u a composite number?
False
Let f(y) = y**2 + 14*y - 11. Is f(-16) a composite number?
True
Suppose 360 = u - 6*u. Let k = 106 + u. Is k prime?
False
Let l(s) = -s**2 - 5*s - 3. Let h(x) = -2*x**2 - 10*x - 6. Let m(k) = 4*h(k) - 9*l(k). Let v be m(-3). Is 37/v*9/(-3) prime?
True
Let x = 1 - 1. Let k(o) = -o**2 + 5*o + 8. Let a be k(6). Suppose 0 = -3*w - i + 28 + 26, 3*w - a*i - 63 = x. Is w composite?
False
Let k = 605 - -494. Is k a composite number?
True
Let z = 121 - 39. Is z a prime number?
False
Suppose -5*z + 41 = -c - 3*c, 2*z - 22 = 3*c. Suppose -b = -z*b + 3*y + 499, 5*b + y = 600. Is b composite?
True
Suppose -3*u - u - 48 = 0. Let z(v) = v**2 - 16*v + 21. Let x be z(15). Is (8/u)/(x/(-1719)) prime?
True
Suppose 0*z + 5*z = -75. Is 5/2*(-402)/z co